prime factors of 14785.
5, 2957
List the prime factors of 22825.
5, 11, 83
What are the prime factors of 59?
59
What are the prime factors of 11047?
11047
What are the prime factors of 111883?
53, 2111
What are the prime factors of 37?
37
What are the prime factors of 20802?
2, 3, 3467
List the prime factors of 4759.
4759
What are the prime factors of 649?
11, 59
What are the prime factors of 3430?
2, 5, 7
List the prime factors of 67835.
5, 13567
What are the prime factors of 267?
3, 89
What are the prime factors of 10061?
10061
What are the prime factors of 72987?
3, 24329
What are the prime factors of 168566?
2, 89, 947
List the prime factors of 6904.
2, 863
List the prime factors of 74.
2, 37
What are the prime factors of 23?
23
List the prime factors of 5578.
2, 2789
List the prime factors of 13598.
2, 13, 523
What are the prime factors of 859?
859
List the prime factors of 362.
2, 181
List the prime factors of 759.
3, 11, 23
What are the prime factors of 86170?
2, 5, 7, 1231
What are the prime factors of 1260?
2, 3, 5, 7
What are the prime factors of 6438?
2, 3, 29, 37
List the prime factors of 2348.
2, 587
What are the prime factors of 2087?
2087
What are the prime factors of 392?
2, 7
List the prime factors of 72520.
2, 5, 7, 37
What are the prime factors of 605?
5, 11
List the prime factors of 16794.
2, 3, 311
What are the prime factors of 55094?
2, 13, 163
What are the prime factors of 1026?
2, 3, 19
What are the prime factors of 101048?
2, 17, 743
What are the prime factors of 1842?
2, 3, 307
List the prime factors of 61009.
13, 19
What are the prime factors of 112120?
2, 5, 2803
List the prime factors of 844.
2, 211
What are the prime factors of 1307?
1307
What are the prime factors of 1001?
7, 11, 13
What are the prime factors of 960?
2, 3, 5
What are the prime factors of 57713?
57713
List the prime factors of 169.
13
What are the prime factors of 1347?
3, 449
List the prime factors of 2255.
5, 11, 41
List the prime factors of 1291.
1291
What are the prime factors of 571?
571
List the prime factors of 639.
3, 71
List the prime factors of 1600.
2, 5
List the prime factors of 1073.
29, 37
List the prime factors of 13604.
2, 19, 179
List the prime factors of 24966.
2, 3, 19, 73
List the prime factors of 82669.
19, 229
List the prime factors of 60807.
3, 20269
What are the prime factors of 706?
2, 353
List the prime factors of 109085.
5, 21817
List the prime factors of 1353.
3, 11, 41
List the prime factors of 68409.
3, 11, 691
What are the prime factors of 40425?
3, 5, 7, 11
List the prime factors of 24753.
3, 37, 223
List the prime factors of 25133.
41, 613
What are the prime factors of 60084?
2, 3, 1669
List the prime factors of 402.
2, 3, 67
What are the prime factors of 25184?
2, 787
What are the prime factors of 3141?
3, 349
List the prime factors of 328.
2, 41
List the prime factors of 626.
2, 313
What are the prime factors of 171?
3, 19
What are the prime factors of 8578?
2, 4289
List the prime factors of 52877.
11, 19, 23
What are the prime factors of 19949?
19949
List the prime factors of 269.
269
List the prime factors of 16091.
16091
List the prime factors of 5787.
3, 643
List the prime factors of 3594.
2, 3, 599
List the prime factors of 58558.
2, 19, 23, 67
List the prime factors of 3945.
3, 5, 263
List the prime factors of 98837.
98837
What are the prime factors of 60678?
2, 3, 3371
List the prime factors of 1358.
2, 7, 97
What are the prime factors of 944?
2, 59
List the prime factors of 19115.
5, 3823
List the prime factors of 153008.
2, 73, 131
List the prime factors of 13021.
29, 449
List the prime factors of 3549.
3, 7, 13
What are the prime factors of 9723?
3, 7, 463
List the prime factors of 40702.
2, 47, 433
What are the prime factors of 21884?
2, 5471
What are the prime factors of 3057?
3, 1019
What are the prime factors of 43792?
2, 7, 17, 23
What are the prime factors of 2818?
2, 1409
List the prime factors of 91064.
2, 11383
What are the prime factors of 4366?
2, 37, 59
List the prime factors of 5238.
2, 3, 97
What are the prime factors of 3885?
3, 5, 7, 37
What are the prime factors of 138?
2, 3, 23
List the prime factors of 9421.
9421
List the prime factors of 1230.
2, 3, 5, 41
List the prime factors of 1086.
2, 3, 181
What are the prime factors of 458?
2, 229
List the prime factors of 54763.
23, 2381
What are the prime factors of 3483?
3, 43
What are the prime factors of 1090?
2, 5, 109
List the prime factors of 310.
2, 5, 31
What are the prime factors of 1670?
2, 5, 167
What are the prime factors of 714?
2, 3, 7, 17
List the prime factors of 4559.
47, 97
What are the prime factors of 4938?
2, 3, 823
List the prime factors of 1680.
2, 3, 5, 7
What are the prime factors of 92105?
5, 13, 109
List the prime factors of 1289.
1289
What are the prime factors of 19190?
2, 5, 19, 101
What are the prime factors of 6221?
6221
List the prime factors of 12152.
2, 7, 31
List the prime factors of 4417.
7, 631
List the prime factors of 12189.
3, 17, 239
What are the prime factors of 7656?
2, 3, 11, 29
What are the prime factors of 839?
839
List the prime factors of 5915.
5, 7, 13
List the prime factors of 23379.
3, 7793
What are the prime factors of 3140?
2, 5, 157
What are the prime factors of 141690?
2, 3, 5, 4723
What are the prime factors of 833?
7, 17
List the prime factors of 906.
2, 3, 151
List the prime factors of 27948.
2, 3, 17, 137
What are the prime factors of 2948?
2, 11, 67
What are the prime factors of 141093?
3, 61, 257
What are the prime factors of 16059?
3, 53, 101
What are the prime factors of 1215?
3, 5
List the prime factors of 102562.
2, 19, 2699
List the prime factors of 2549.
2549
What are the prime factors of 27249?
3, 31, 293
List the prime factors of 2184.
2, 3, 7, 13
What are the prime factors of 550?
2, 5, 11
What are the prime factors of 7596?
2, 3, 211
List the prime factors of 19640.
2, 5, 491
What are the prime factors of 9890?
2, 5, 23, 43
What are the prime factors of 7408?
2, 463
List the prime factors of 25492.
2, 6373
What are the prime factors of 4329?
3, 13, 37
What are the prime factors of 25?
5
What are the prime factors of 136074?
2, 3, 22679
List the prime factors of 37959.
3, 12653
What are the prime factors of 262?
2, 131
List the prime factors of 34455.
3, 5, 2297
What are the prime factors of 1710?
2, 3, 5, 19
List the prime factors of 458.
2, 229
What are the prime factors of 57713?
57713
What are the prime factors of 20952?
2, 3, 97
What are the prime factors of 7590?
2, 3, 5, 11, 23
List the prime factors of 6377.
7, 911
What are the prime factors of 5583?
3, 1861
List the prime factors of 4284.
2, 3, 7, 17
List the prime factors of 7882.
2, 7, 563
List the prime factors of 37603.
31, 1213
List the prime factors of 4590.
2, 3, 5, 17
What are the prime factors of 9965?
5, 1993
What are the prime factors of 47981?
47981
List the prime factors of 133798.
2, 7, 19, 503
List the prime factors of 11984.
2, 7, 107
List the prime factors of 63369.
3, 2347
What are the prime factors of 123612?
2, 3, 10301
What are the prime factors of 5564?
2, 13, 107
What are the prime factors of 12237?
3, 4079
What are the prime factors of 12881?
11, 1171
List the prime factors of 10679.
59, 181
List the prime factors of 18289.
18289
What are the prime factors of 447?
3, 149
What are the prime factors of 4470?
2, 3, 5, 149
What are the prime factors of 35291?
35291
What are the prime factors of 1868?
2, 467
What are the prime factors of 382?
2, 191
List the prime factors of 52177.
52177
What are the prime factors of 24535?
5, 7, 701
List the prime factors of 13068.
2, 3, 11
What are the prime factors of 26843?
17, 1579
List the prime factors of 1134.
2, 3, 7
What are the prime factors of 67114?
2, 23, 1459
What are the prime factors of 222?
2, 3, 37
List the prime factors of 15047.
41, 367
List the prime factors of 8485.
5, 1697
What are the prime factors of 15675?
3, 5, 11, 19
List the prime factors of 7712.
2, 241
What are the prime factors of 1646?
2, 823
What are the prime factors of 6993?
3, 7, 37
List the prime factors of 12507.
3, 11, 379
List the prime factors of 951.
3, 317
What are the prime factors of 42605?
5, 8521
What are the prime factors of 1704?
2, 3, 71
List the prime fa